{"id":2065,"date":"2021-06-07T13:11:31","date_gmt":"2021-06-07T11:11:31","guid":{"rendered":"https:\/\/festivaldesforets.fr\/the-festival-des-forets-association\/"},"modified":"2021-06-07T13:11:52","modified_gmt":"2021-06-07T11:11:52","slug":"the-festival-des-forets-association","status":"publish","type":"page","link":"https:\/\/festivaldesforets.fr\/en\/the-festival-des-forets-association\/","title":{"rendered":"The Festival des For\u00eats Association"},"content":{"rendered":"\n<p>The Festival des For\u00eats is a law 1901 Association. It was born after some person\u2019s passion for classical music. Among them, G\u00e9rard de Griffolet, Guy Louis, Chantal Grouard, Bruno Ory-Lavoll\u00e9e, Anne de Rambuteau, Jos\u00e9 Tesson, with the support of G\u00e9rard Le Goff from Mairie de Compi\u00e8gne.<\/p>\n\n<h2 class=\"wp-block-heading\"><strong>The Association Board\u00a0: <\/strong><\/h2>\n\n<ul class=\"wp-block-list\"><li>Bruno Ory-Lavoll\u00e9e, President<\/li><li>Edouard Mathieu, Vice-President \/ Relations with the partners<\/li><li>Philippe Poussin, Treasurer<\/li><li>Patrick Delanef, Assistant Treasurer<\/li><li>Monique Courtade, Secretary<\/li><li>Claudine Boutt\u00e9, Assistant Secretary<\/li><li>Isabelle R\u00e9my, Member<\/li><li>Marie-George Gobert, Member\/In charge of the Volunteers<\/li><li>Jacques Franc\u00e8s, Member, Relations with the partners<\/li><li>Philippe de Lauzanne, Member<\/li><\/ul>\n<h2 class=\"wp-block-heading\">Become an actor of the Festival<\/h2>\n\n<p>The Festival keeps the guideline of its success since 1992 : to combine classical music, nature and heritage to offer the audience unforgettable moments with great artists.&#13;\nThe Festival\u2019s mission is also to get a larger audience to discover classical music, including persons who are far from it.<\/p>\n\n<p><strong>Take a part in the artistic life of your region, participate in the educational project, become a member or a sponsor of the Festival des For\u00eats\u00a0:<\/strong><\/p>\n\n<ul class=\"wp-block-list\"><li>-give life to quality artistic projects so that the public of the Festival can be amazed once more,<\/li><li>-open classical and contemporary music to all with original concerts : concerts and hiking, illuminations, family concerts, children workshops,<\/li><li>-value and enhance the natural and architectural heritage of the region,<\/li><li>-make the price of tickets accessible to all or even free for a few concerts for disadvantaged people,&#13;\n-pursue the insertion approach for handicapped children.<\/li><\/ul>\n<p><strong>Membership\u00a0:&#13;\n<\/strong>Contribution for under 25, 10 \u20ac*&#13;\nStandard contribution, 25\u20ac*&#13;\nContribution for a couple, 38\u20ac*&#13;\n&#13;\nWhen you become a member, you can participate in the decisions of the General Assembly, keep being informed regularly of the life and projects of the Association, get reduced prices for our concerts.<\/p>\n\n<p><strong>Donation\u00a0:&#13;\n<\/strong>Donating Member\u00a0: from 150 \u20ac*&#13;\n&#13;\nWhen you become a donating member, you will get an invitation for two at a concert of\u00a0 your choice.<\/p>\n\n<p><strong>Sponsoring\u00a0:&#13;\n<\/strong>Sponsor member\u00a0: from 300 \u20ac*&#13;\n&#13;\nWhen you become a sponsor, you\u00a0 will get four invitations during the Festival.<\/p>\n\n<p>*Tax reduction\u00a0: 66% of the amount of your contribution or donation can be deduced from your income tax. A 300 \u20ac donation will cost only 102\u20ac.&#13;\n&#13;\nYou will get the corresponding tax receipt upon the reception of your contribution.<\/p>\n\n<p>To download our membership form, <u>please click here<\/u><\/p>\n","protected":false},"excerpt":{"rendered":"<p>The Festival des For\u00eats is a law 1901 Association. It was born after some person\u2019s passion for classical music. Among them, G\u00e9rard de Griffolet, Guy Louis, Chantal Grouard, Bruno Ory-Lavoll\u00e9e, Anne de Rambuteau, Jos\u00e9 Tesson, with the support of G\u00e9rard Le Goff from Mairie de Compi\u00e8gne. The Association Board\u00a0: Bruno Ory-Lavoll\u00e9e, President Edouard Mathieu, Vice-President<\/p>\n","protected":false},"author":3,"featured_media":0,"parent":0,"menu_order":80,"comment_status":"closed","ping_status":"closed","template":"views\/template-sidebar-right-boxed.blade.php","meta":{"footnotes":""},"class_list":["post-2065","page","type-page","status-publish","hentry"],"acf":[],"yoast_head":"<!-- This site is optimized with the Yoast SEO plugin v20.13 - https:\/\/yoast.com\/wordpress\/plugins\/seo\/ -->\n<title>The Festival des For\u00eats Association - Festival Des For\u00eats<\/title>\n<meta name=\"robots\" content=\"index, follow, max-snippet:-1, max-image-preview:large, max-video-preview:-1\" \/>\n<link rel=\"canonical\" href=\"https:\/\/festivaldesforets.fr\/en\/the-festival-des-forets-association\/\" \/>\n<meta property=\"og:locale\" content=\"en_US\" \/>\n<meta property=\"og:type\" content=\"article\" \/>\n<meta property=\"og:title\" content=\"The Festival des For\u00eats Association - Festival Des For\u00eats\" \/>\n<meta property=\"og:description\" content=\"The Festival des For\u00eats is a law 1901 Association. It was born after some person\u2019s passion for classical music. Among them, G\u00e9rard de Griffolet, Guy Louis, Chantal Grouard, Bruno Ory-Lavoll\u00e9e, Anne de Rambuteau, Jos\u00e9 Tesson, with the support of G\u00e9rard Le Goff from Mairie de Compi\u00e8gne. The Association Board\u00a0: Bruno Ory-Lavoll\u00e9e, President Edouard Mathieu, Vice-President\" \/>\n<meta property=\"og:url\" content=\"https:\/\/festivaldesforets.fr\/en\/the-festival-des-forets-association\/\" \/>\n<meta property=\"og:site_name\" content=\"Festival Des For\u00eats\" \/>\n<meta property=\"article:publisher\" content=\"https:\/\/www.facebook.com\/pages\/category\/Nonprofit-Organization\/Festival-des-For%c3%aats-Compi%c3%a8gne-387973626896\/\" \/>\n<meta property=\"article:modified_time\" content=\"2021-06-07T11:11:52+00:00\" \/>\n<meta property=\"og:image\" content=\"https:\/\/festivaldesforets.fr\/app\/medias\/2020\/06\/festivaldesforets-og.jpg\" \/>\n\t<meta property=\"og:image:width\" content=\"1200\" \/>\n\t<meta property=\"og:image:height\" content=\"630\" \/>\n\t<meta property=\"og:image:type\" content=\"image\/jpeg\" \/>\n<meta name=\"twitter:card\" content=\"summary_large_image\" \/>\n<meta name=\"twitter:site\" content=\"@festivdesforets\" \/>\n<meta name=\"twitter:label1\" content=\"Est. reading time\" \/>\n\t<meta name=\"twitter:data1\" content=\"2 minutes\" \/>\n<script type=\"application\/ld+json\" class=\"yoast-schema-graph\">{\"@context\":\"https:\/\/schema.org\",\"@graph\":[{\"@type\":\"WebPage\",\"@id\":\"https:\/\/festivaldesforets.fr\/en\/the-festival-des-forets-association\/\",\"url\":\"https:\/\/festivaldesforets.fr\/en\/the-festival-des-forets-association\/\",\"name\":\"The Festival des For\u00eats Association - Festival Des For\u00eats\",\"isPartOf\":{\"@id\":\"https:\/\/festivaldesforets.fr\/#website\"},\"datePublished\":\"2021-06-07T11:11:31+00:00\",\"dateModified\":\"2021-06-07T11:11:52+00:00\",\"breadcrumb\":{\"@id\":\"https:\/\/festivaldesforets.fr\/en\/the-festival-des-forets-association\/#breadcrumb\"},\"inLanguage\":\"en-US\",\"potentialAction\":[{\"@type\":\"ReadAction\",\"target\":[\"https:\/\/festivaldesforets.fr\/en\/the-festival-des-forets-association\/\"]}]},{\"@type\":\"BreadcrumbList\",\"@id\":\"https:\/\/festivaldesforets.fr\/en\/the-festival-des-forets-association\/#breadcrumb\",\"itemListElement\":[{\"@type\":\"ListItem\",\"position\":1,\"name\":\"Accueil\",\"item\":\"https:\/\/festivaldesforets.fr\/\"},{\"@type\":\"ListItem\",\"position\":2,\"name\":\"The Festival des For\u00eats Association\"}]},{\"@type\":\"WebSite\",\"@id\":\"https:\/\/festivaldesforets.fr\/#website\",\"url\":\"https:\/\/festivaldesforets.fr\/\",\"name\":\"Festival Des For\u00eats\",\"description\":\"\",\"publisher\":{\"@id\":\"https:\/\/festivaldesforets.fr\/#organization\"},\"potentialAction\":[{\"@type\":\"SearchAction\",\"target\":{\"@type\":\"EntryPoint\",\"urlTemplate\":\"https:\/\/festivaldesforets.fr\/?s={search_term_string}\"},\"query-input\":\"required name=search_term_string\"}],\"inLanguage\":\"en-US\"},{\"@type\":\"Organization\",\"@id\":\"https:\/\/festivaldesforets.fr\/#organization\",\"name\":\"Festival Des For\u00eats\",\"url\":\"https:\/\/festivaldesforets.fr\/\",\"logo\":{\"@type\":\"ImageObject\",\"inLanguage\":\"en-US\",\"@id\":\"https:\/\/festivaldesforets.fr\/#\/schema\/logo\/image\/\",\"url\":\"https:\/\/festivaldesforets.fr\/app\/medias\/2020\/04\/favicon.png\",\"contentUrl\":\"https:\/\/festivaldesforets.fr\/app\/medias\/2020\/04\/favicon.png\",\"width\":400,\"height\":400,\"caption\":\"Festival Des For\u00eats\"},\"image\":{\"@id\":\"https:\/\/festivaldesforets.fr\/#\/schema\/logo\/image\/\"},\"sameAs\":[\"https:\/\/www.facebook.com\/pages\/category\/Nonprofit-Organization\/Festival-des-For\u00eats-Compi\u00e8gne-387973626896\/\",\"https:\/\/twitter.com\/festivdesforets\",\"https:\/\/www.instagram.com\/festivaldesforets\/\",\"https:\/\/www.youtube.com\/channel\/UCVkpqxSO3SaxTiM-9GVfqag\"]}]}<\/script>\n<!-- \/ Yoast SEO plugin. -->","yoast_head_json":{"title":"The Festival des For\u00eats Association - Festival Des For\u00eats","robots":{"index":"index","follow":"follow","max-snippet":"max-snippet:-1","max-image-preview":"max-image-preview:large","max-video-preview":"max-video-preview:-1"},"canonical":"https:\/\/festivaldesforets.fr\/en\/the-festival-des-forets-association\/","og_locale":"en_US","og_type":"article","og_title":"The Festival des For\u00eats Association - Festival Des For\u00eats","og_description":"The Festival des For\u00eats is a law 1901 Association. It was born after some person\u2019s passion for classical music. Among them, G\u00e9rard de Griffolet, Guy Louis, Chantal Grouard, Bruno Ory-Lavoll\u00e9e, Anne de Rambuteau, Jos\u00e9 Tesson, with the support of G\u00e9rard Le Goff from Mairie de Compi\u00e8gne. The Association Board\u00a0: Bruno Ory-Lavoll\u00e9e, President Edouard Mathieu, Vice-President","og_url":"https:\/\/festivaldesforets.fr\/en\/the-festival-des-forets-association\/","og_site_name":"Festival Des For\u00eats","article_publisher":"https:\/\/www.facebook.com\/pages\/category\/Nonprofit-Organization\/Festival-des-For%c3%aats-Compi%c3%a8gne-387973626896\/","article_modified_time":"2021-06-07T11:11:52+00:00","og_image":[{"width":1200,"height":630,"url":"https:\/\/festivaldesforets.fr\/app\/medias\/2020\/06\/festivaldesforets-og.jpg","type":"image\/jpeg"}],"twitter_card":"summary_large_image","twitter_site":"@festivdesforets","twitter_misc":{"Est. reading time":"2 minutes"},"schema":{"@context":"https:\/\/schema.org","@graph":[{"@type":"WebPage","@id":"https:\/\/festivaldesforets.fr\/en\/the-festival-des-forets-association\/","url":"https:\/\/festivaldesforets.fr\/en\/the-festival-des-forets-association\/","name":"The Festival des For\u00eats Association - Festival Des For\u00eats","isPartOf":{"@id":"https:\/\/festivaldesforets.fr\/#website"},"datePublished":"2021-06-07T11:11:31+00:00","dateModified":"2021-06-07T11:11:52+00:00","breadcrumb":{"@id":"https:\/\/festivaldesforets.fr\/en\/the-festival-des-forets-association\/#breadcrumb"},"inLanguage":"en-US","potentialAction":[{"@type":"ReadAction","target":["https:\/\/festivaldesforets.fr\/en\/the-festival-des-forets-association\/"]}]},{"@type":"BreadcrumbList","@id":"https:\/\/festivaldesforets.fr\/en\/the-festival-des-forets-association\/#breadcrumb","itemListElement":[{"@type":"ListItem","position":1,"name":"Accueil","item":"https:\/\/festivaldesforets.fr\/"},{"@type":"ListItem","position":2,"name":"The Festival des For\u00eats Association"}]},{"@type":"WebSite","@id":"https:\/\/festivaldesforets.fr\/#website","url":"https:\/\/festivaldesforets.fr\/","name":"Festival Des For\u00eats","description":"","publisher":{"@id":"https:\/\/festivaldesforets.fr\/#organization"},"potentialAction":[{"@type":"SearchAction","target":{"@type":"EntryPoint","urlTemplate":"https:\/\/festivaldesforets.fr\/?s={search_term_string}"},"query-input":"required name=search_term_string"}],"inLanguage":"en-US"},{"@type":"Organization","@id":"https:\/\/festivaldesforets.fr\/#organization","name":"Festival Des For\u00eats","url":"https:\/\/festivaldesforets.fr\/","logo":{"@type":"ImageObject","inLanguage":"en-US","@id":"https:\/\/festivaldesforets.fr\/#\/schema\/logo\/image\/","url":"https:\/\/festivaldesforets.fr\/app\/medias\/2020\/04\/favicon.png","contentUrl":"https:\/\/festivaldesforets.fr\/app\/medias\/2020\/04\/favicon.png","width":400,"height":400,"caption":"Festival Des For\u00eats"},"image":{"@id":"https:\/\/festivaldesforets.fr\/#\/schema\/logo\/image\/"},"sameAs":["https:\/\/www.facebook.com\/pages\/category\/Nonprofit-Organization\/Festival-des-For\u00eats-Compi\u00e8gne-387973626896\/","https:\/\/twitter.com\/festivdesforets","https:\/\/www.instagram.com\/festivaldesforets\/","https:\/\/www.youtube.com\/channel\/UCVkpqxSO3SaxTiM-9GVfqag"]}]}},"_links":{"self":[{"href":"https:\/\/festivaldesforets.fr\/en\/wp-json\/wp\/v2\/pages\/2065","targetHints":{"allow":["GET"]}}],"collection":[{"href":"https:\/\/festivaldesforets.fr\/en\/wp-json\/wp\/v2\/pages"}],"about":[{"href":"https:\/\/festivaldesforets.fr\/en\/wp-json\/wp\/v2\/types\/page"}],"author":[{"embeddable":true,"href":"https:\/\/festivaldesforets.fr\/en\/wp-json\/wp\/v2\/users\/3"}],"replies":[{"embeddable":true,"href":"https:\/\/festivaldesforets.fr\/en\/wp-json\/wp\/v2\/comments?post=2065"}],"version-history":[{"count":3,"href":"https:\/\/festivaldesforets.fr\/en\/wp-json\/wp\/v2\/pages\/2065\/revisions"}],"predecessor-version":[{"id":2070,"href":"https:\/\/festivaldesforets.fr\/en\/wp-json\/wp\/v2\/pages\/2065\/revisions\/2070"}],"wp:attachment":[{"href":"https:\/\/festivaldesforets.fr\/en\/wp-json\/wp\/v2\/media?parent=2065"}],"curies":[{"name":"wp","href":"https:\/\/api.w.org\/{rel}","templated":true}]}}

The Festival des Forêts Association

<p>The Festival des Forêts is a law 1901 Association. It was born after some person’s passion for classical music. Among them, Gérard de Griffolet, Guy Louis, Chantal Grouard, Bruno Ory-Lavollée, Anne de Rambuteau, José Tesson, with the support of Gérard Le Goff from Mairie de Compiègne.</p>

<h2 class="wp-block-heading"><strong>The Association Board : </strong></h2>

<ul class="wp-block-list"><li>Bruno Ory-Lavollée, President</li><li>Edouard Mathieu, Vice-President / Relations with the partners</li><li>Philippe Poussin, Treasurer</li><li>Patrick Delanef, Assistant Treasurer</li><li>Monique Courtade, Secretary</li><li>Claudine Boutté, Assistant Secretary</li><li>Isabelle Rémy, Member</li><li>Marie-George Gobert, Member/In charge of the Volunteers</li><li>Jacques Francès, Member, Relations with the partners</li><li>Philippe de Lauzanne, Member</li></ul>
<h2 class="wp-block-heading">Become an actor of the Festival</h2>

<p>The Festival keeps the guideline of its success since 1992 : to combine classical music, nature and heritage to offer the audience unforgettable moments with great artists.&#13;
The Festival’s mission is also to get a larger audience to discover classical music, including persons who are far from it.</p>

<p><strong>Take a part in the artistic life of your region, participate in the educational project, become a member or a sponsor of the Festival des Forêts :</strong></p>

<ul class="wp-block-list"><li>-give life to quality artistic projects so that the public of the Festival can be amazed once more,</li><li>-open classical and contemporary music to all with original concerts : concerts and hiking, illuminations, family concerts, children workshops,</li><li>-value and enhance the natural and architectural heritage of the region,</li><li>-make the price of tickets accessible to all or even free for a few concerts for disadvantaged people,&#13;
-pursue the insertion approach for handicapped children.</li></ul>
<p><strong>Membership :&#13;
</strong>Contribution for under 25, 10 €*&#13;
Standard contribution, 25€*&#13;
Contribution for a couple, 38€*&#13;
&#13;
When you become a member, you can participate in the decisions of the General Assembly, keep being informed regularly of the life and projects of the Association, get reduced prices for our concerts.</p>

<p><strong>Donation :&#13;
</strong>Donating Member : from 150 €*&#13;
&#13;
When you become a donating member, you will get an invitation for two at a concert of  your choice.</p>

<p><strong>Sponsoring :&#13;
</strong>Sponsor member : from 300 €*&#13;
&#13;
When you become a sponsor, you  will get four invitations during the Festival.</p>

<p>*Tax reduction : 66% of the amount of your contribution or donation can be deduced from your income tax. A 300 € donation will cost only 102€.&#13;
&#13;
You will get the corresponding tax receipt upon the reception of your contribution.</p>

<p>To download our membership form, <u>please click here</u></p>

<p>The Festival des Forêts is a law 1901 Association. It was born after some person’s passion for classical music. Among them, Gérard de Griffolet, Guy Louis, Chantal Grouard, Bruno Ory-Lavollée, Anne de Rambuteau, José Tesson, with the support of Gérard Le Goff from Mairie de Compiègne. The Association Board : Bruno Ory-Lavollée, President Edouard Mathieu, Vice-President</p>

<!-- This site is optimized with the Yoast SEO plugin v20.13 - https://yoast.com/wordpress/plugins/seo/ -->
<title>The Festival des Forêts Association - Festival Des Forêts</title>
<meta name="robots" content="index, follow, max-snippet:-1, max-image-preview:large, max-video-preview:-1" />
<link rel="canonical" href="https://festivaldesforets.fr/en/the-festival-des-forets-association/" />
<meta property="og:locale" content="en_US" />
<meta property="og:type" content="article" />
<meta property="og:title" content="The Festival des Forêts Association - Festival Des Forêts" />
<meta property="og:description" content="The Festival des Forêts is a law 1901 Association. It was born after some person’s passion for classical music. Among them, Gérard de Griffolet, Guy Louis, Chantal Grouard, Bruno Ory-Lavollée, Anne de Rambuteau, José Tesson, with the support of Gérard Le Goff from Mairie de Compiègne. The Association Board : Bruno Ory-Lavollée, President Edouard Mathieu, Vice-President" />
<meta property="og:url" content="https://festivaldesforets.fr/en/the-festival-des-forets-association/" />
<meta property="og:site_name" content="Festival Des Forêts" />
<meta property="article:publisher" content="https://www.facebook.com/pages/category/Nonprofit-Organization/Festival-des-For%c3%aats-Compi%c3%a8gne-387973626896/" />
<meta property="article:modified_time" content="2021-06-07T11:11:52+00:00" />
<meta property="og:image" content="https://festivaldesforets.fr/app/medias/2020/06/festivaldesforets-og.jpg" />
	<meta property="og:image:width" content="1200" />
	<meta property="og:image:height" content="630" />
	<meta property="og:image:type" content="image/jpeg" />
<meta name="twitter:card" content="summary_large_image" />
<meta name="twitter:site" content="@festivdesforets" />
<meta name="twitter:label1" content="Est. reading time" />
	<meta name="twitter:data1" content="2 minutes" />
<script type="application/ld+json" class="yoast-schema-graph">{"@context":"https://schema.org","@graph":[{"@type":"WebPage","@id":"https://festivaldesforets.fr/en/the-festival-des-forets-association/","url":"https://festivaldesforets.fr/en/the-festival-des-forets-association/","name":"The Festival des Forêts Association - Festival Des Forêts","isPartOf":{"@id":"https://festivaldesforets.fr/#website"},"datePublished":"2021-06-07T11:11:31+00:00","dateModified":"2021-06-07T11:11:52+00:00","breadcrumb":{"@id":"https://festivaldesforets.fr/en/the-festival-des-forets-association/#breadcrumb"},"inLanguage":"en-US","potentialAction":[{"@type":"ReadAction","target":["https://festivaldesforets.fr/en/the-festival-des-forets-association/"]}]},{"@type":"BreadcrumbList","@id":"https://festivaldesforets.fr/en/the-festival-des-forets-association/#breadcrumb","itemListElement":[{"@type":"ListItem","position":1,"name":"Accueil","item":"https://festivaldesforets.fr/"},{"@type":"ListItem","position":2,"name":"The Festival des Forêts Association"}]},{"@type":"WebSite","@id":"https://festivaldesforets.fr/#website","url":"https://festivaldesforets.fr/","name":"Festival Des Forêts","description":"","publisher":{"@id":"https://festivaldesforets.fr/#organization"},"potentialAction":[{"@type":"SearchAction","target":{"@type":"EntryPoint","urlTemplate":"https://festivaldesforets.fr/?s={search_term_string}"},"query-input":"required name=search_term_string"}],"inLanguage":"en-US"},{"@type":"Organization","@id":"https://festivaldesforets.fr/#organization","name":"Festival Des Forêts","url":"https://festivaldesforets.fr/","logo":{"@type":"ImageObject","inLanguage":"en-US","@id":"https://festivaldesforets.fr/#/schema/logo/image/","url":"https://festivaldesforets.fr/app/medias/2020/04/favicon.png","contentUrl":"https://festivaldesforets.fr/app/medias/2020/04/favicon.png","width":400,"height":400,"caption":"Festival Des Forêts"},"image":{"@id":"https://festivaldesforets.fr/#/schema/logo/image/"},"sameAs":["https://www.facebook.com/pages/category/Nonprofit-Organization/Festival-des-Forêts-Compiègne-387973626896/","https://twitter.com/festivdesforets","https://www.instagram.com/festivaldesforets/","https://www.youtube.com/channel/UCVkpqxSO3SaxTiM-9GVfqag"]}]}</script>
<!-- / Yoast SEO plugin. -->

The Festival des Forêts Association - Festival Des Forêts

The Festival des Forêts is a law 1901 Association. It was born after some person’s passion for classical music. Among them, Gérard de Griffolet, Guy Louis, Chantal Grouard, Bruno Ory-Lavollée, Anne de Rambuteau, José Tesson, with the support of Gérard Le Goff from Mairie de Compiègne. The Association Board : Bruno Ory-Lavollée, President Edouard Mathieu, Vice-President

Festival Des Forêts

https://www.facebook.com/pages/category/Nonprofit-Organization/Festival-des-Forêts-Compiègne-387973626896/
